= 4*v + p*r - 116, -5*r - 110 = -5*v. Is v prime?
False
Suppose -b = -6*b + 35. Let m(a) = b*a**2 + a**3 + 34 + 0*a - 39 - 2*a. Is m(-5) composite?
True
Suppose 0 = -2*x - 5*h - 45, -3*x - 2*x - 3*h - 65 = 0. Let r = -6 - x. Suppose i = -r*i + 30. Is i composite?
True
Suppose -3*y - 4*j + 2961 = -0*y, -4*y = 4*j - 3952. Is y composite?
False
Suppose -4 = 3*c + 2. Let d = c + 5. Is (2/d)/((-2)/(-69)) composite?
False
Suppose -4*t = 5*u - 43 - 165, 114 = 2*t + 5*u. Is t composite?
False
Let f = 170 - 97. Let p = f + -41. Let i = p + 171. Is i a composite number?
True
Suppose 6 = -5*g + 21. Is g prime?
True
Suppose -2*t - 3 = -1. Let c be (3 - t) + (-2 - -2). Suppose 0 = j - 5*q - 68, 0*j + q - 167 = -c*j. Is j composite?
False
Let a(b) = -b**3 - 7*b**2 - 6*b - 3. Let o be a(-6). Let c(w) = -5*w**3 + w**2 - 2*w - 1. Is c(o) a composite number?
False
Suppose n = 1 - 2. Is ((-178)/(-4))/(n/(-2)) a composite number?
False
Let r be (-280)/(-21) - 4/(-6). Suppose -2*j - r = -j - 4*n, 5*n - 30 = -5*j. Suppose b - 68 = -5*z + j*b, 5*z = 3*b + 64. Is z a composite number?
True
Is 5484/5 + (-8)/(-40) a prime number?
True
Suppose -2*p = 5*x - 30 - 22, 4*p + 2*x = 104. Let s = 63 - p. Is s composite?
False
Is -139*(0 - (-2)/(-2)) a composite number?
False
Suppose 663 = 5*k + 248. Is k a composite number?
False
Suppose -6*i + 1041 = -5*i. Is i prime?
False
Let a(u) = u - 3. Let z be a(7). Suppose 0 = z*c - 2*c - 174. Is c composite?
True
Suppose -3*a = 2*a - 2*s - 17, -12 = -3*s. Suppose -4*y + 52 = 4*b + b, a*y + b = 44. Is -106*(-2)/y*4 a prime number?
False
Let g(c) = c**2 + 7*c - 3. Let k be g(-8). Suppose -j + k*j - 284 = 0. Is j composite?
False
Let k = 2 + -4. Let n = 0 + k. Is n/6 + (-320)/(-6) a composite number?
False
Let r(o) = -3*o - 2. Let v be r(3). Let p be (v/(-3) - 3)*-3. Is ((-213)/(-6))/((-1)/p) a prime number?
True
Suppose -3*q - 607 = -y, y = -0*y + 5*q + 603. Is y a composite number?
False
Suppose i - 3*t - 289 = 0, 0 = -3*i - 0*t + 5*t + 879. Is i prime?
False
Suppose 1730 = 15*o - 445. Is o composite?
True
Suppose 0 = 2*m + 2*b - 770 + 18, 2*b = -4*m + 1510. Is m prime?
True
Let q = 56 - 187. Let c = 280 + q. Is c composite?
False
Let m be 47 - (10/2 + -3). Is 11375/m + (-2)/(-9) prime?
False
Is 2/((-4)/(-2546)) + 33 + -29 prime?
True
Let k be 1/((-23)/(-11) - 2). Suppose 27 = 5*i + 3*d, k = 5*d - 9. Is ((-1)/3)/(i/(-477)) composite?
False
Let r = 792 - 559. Let i = r - 90. Is i composite?
True
Let w be (0 - (-2 + 1)) + 48. Suppose -12 = t - w. Is t composite?
False
Is (314/(-3))/(4 + 152/(-36)) a prime number?
False
Suppose r - 4*r + 84 = 0. Suppose 17 = 2*m - 5*q - 114, m = -5*q + r. Is m a composite number?
False
Suppose -245 - 1211 = -4*t. Is (-2)/(-2)*(t - -3) a composite number?
False
Let m = 33 - -2. Is m a composite number?
True
Let q(j) = -3*j**2 - 10*j - 10. Let i(k) = 2*k**2 + 9*k + 9. Let s(z) = -6*z**3 + z**2 - z. Let w be s(1). Let g(u) = w*i(u) - 5*q(u). Is g(5) a prime number?
False
Let v be (-44)/1 - 3 - 0. Let a = v + 268. Is a a composite number?
True
Suppose c = -s + 1365, 0*c - 4*c = -16. Is s a prime number?
True
Let s(u) = 8*u**3 + u**2 - 2*u + 1. Let n be s(1). Suppose -4*h - 4*g - n = 4, -g = 3*h + 3. Suppose -3*y - 367 = -z + y, h = z - 3*y - 368. Is z composite?
True
Let y be 0*(0 + 2/(-4)). Suppose -2*r = -y*r + 4*f - 10, -2*f = -2. Suppose 5*v - r*v - 8 = 0. Is v a prime number?
False
Suppose -4*h - l = -142, -82 = -2*h + 3*l + 2*l. Let i = h + 15. Is (i/(-3))/((-1)/2) a composite number?
True
Let q be ((-2)/3)/((-6)/9). Suppose 5*j - 23 = -2*l, -5*l + q = -3*j - 10. Suppose 2*t - n = 3*t, 4*t + j*n - 3 = 0. Is t composite?
False
Let m(p) be the third derivative of p**8/2520 - p**7/5040 - p**6/180 + p**5/20 + 3*p**2. Let u(l) be the third derivative of m(l). Is u(-3) a composite number?
False
Let i be (-1 + -7)/(-1*2). Suppose -a = 26 + i. Is (a/(-8))/(2/8) a composite number?
True
Let r(i) = 6*i**2 - 5*i + 5. Is r(2) prime?
True
Let t = 9 - 7. Suppose -u + 3*i = -277, t*u + 3*i - 534 = -i. Is u a composite number?
False
Suppose 0 = -3*y + 26 + 10. Suppose 0 = -o - 2*h + 8, 4*o - 5*h = -3*h + y. Suppose -3*r + o*r - 33 = 0. Is r a prime number?
False
Let h(d) = 3*d**2 + 2*d - 14. Is h(-6) a composite number?
True
Let l(i) be the third derivative of 19*i**5/6 - i**4/24 - 3*i**2. Is l(-1) composite?
False
Let a(r) = r**3 - 4*r**2 - 4*r - 3. Let h be a(5). Suppose -h*j = -3*j + 3. Is j composite?
False
Let a(d) = 236*d + 3. Is a(1) a composite number?
False
Let c = 4 - 4. Let i = c + 3. Suppose 3*u + 28 = 4*u + o, 0 = 5*u + i*o - 134. Is u prime?
False
Suppose -6*o = -o - 1245. Is o a composite number?
True
Is (-13498)/(-8) + (216/32 - 7) a composite number?
True
Let h(s) = -34*s - 7. Is h(-5) composite?
False
Let i be -2 + 1 + (-2)/(-1). Let l(c) = -2*c - 2 - 2*c**2 + 134*c**2 + i. Is l(-1) a composite number?
True
Let h(i) = 2*i**2 + 1. Let o be h(1). Is 0 - o*(-402)/9 a composite number?
True
Is (-14)/(-35) + (-783)/(-5) prime?
True
Let u(l) = -17 - 55 - 14 - l. Let i be u(0). Let w = 121 + i. Is w composite?
True
Let p be (0 - -1)*4/2. Let s = -1123 - -2298. Suppose 0 = -p*a - 3*a + s. Is a prime?
False
Let g(z) = -16*z + 3. Is g(-10) composite?
False
Let m = -6 + 1. Let a be 335*2/(m + 3). Is a/(-9) + 18/(-81) a prime number?
True
Suppose -4*q - 80 + 572 = 0. Is q prime?
False
Suppose 0 = -3*x + 3*b + 6, -3*b - b - 2 = 2*x. Is 12/(1 + x) - 0 composite?
True
Suppose 0 = p - 117 - 176. Is p prime?
True
Let s(u) = -4*u**3 - 41*u**2 + 7*u - 20. Let p(d) = -d**3 - 10*d**2 + 2*d - 5. Let f(z) = -9*p(z) + 2*s(z). Is f(-8) a composite number?
False
Let y(c) = c + 13. Let k be (-4)/(2 - 4/3). Let q be y(k). Suppose -28 = -4*b - i, q*i = 2*i + 20. Is b prime?
False
Let d = 959 - 502. Is d composite?
False
Let o = -12 + 14. Suppose n - 188 = -o*f, -5*f + 10*f + 509 = 3*n. Is n prime?
False
Suppose -2 = -4*i + 3*i. Suppose -h + i*h = 287. Is h a prime number?
False
Suppose 22*w - 33135 = 7*w. Is w composite?
True
Let r(k) = 2*k - 6. Let g be r(5). Suppose 70 = s + 3*s - 3*m, -65 = -3*s - g*m. Is s prime?
True
Suppose 4*w = 4*r - 44, -2*r + 18 + 0 = -3*w. Suppose f - 6*f = -r. Let h(q) = 2*q**3 - 4*q**2 - 2*q + 2. Is h(f) a prime number?
False
Let y(j) = j**3 + 7*j**2 - j - 4. Let q be y(-7). Let n(a) = -57*a + 1. Let g be n(q). Is 4*(g/(-8) - 2) composite?
True
Suppose 0 = -5*o - 3 + 23. Suppose -o*w + 84 = -0*a - 2*a, -2*a = -2*w + 46. Is w a prime number?
True
Let n = -116 - 39. Let q = -136 + 36. Let k = q - n. Is k a prime number?
False
Let q(x) = 2*x**2 - 3*x + 1. Let r be q(2). Suppose -r*w + 256 = w. Suppose -5*u + 664 = 4*c, -4*u + w = -3*c + 531. Is c a prime number?
False
Let u(i) = -i**3 - i**2 - i + 389. Is u(0) composite?
False
Let o(a) = a**3 + 4*a**2 + 2*a - 1. Let q be o(-3). Suppose 0 = 3*t + q*d - 153, -3*t - 2*d = d - 156. Is t a composite number?
True
Let n = -5 + 6. Let y = 3 + n. Suppose 0 = -2*w + y*v + 4, w + 4*w - v - 28 = 0. Is w prime?
False
Suppose -106 - 529 = -5*b. Is b a composite number?
False
Is 13250/8 + 33/44 a prime number?
True
Let a(d) = -260*d - 221. Let m(y) = -7*y - 6. Let w(h) = -6*a(h) + 221*m(h). Is w(5) prime?
False
Let j be 8/3*(-3)/(-2). Suppose 0 = 4*h - 6*h, -z - 2 = j*h. Is 3*((-2)/z - -18) composite?
True
Let s(w) = 2*w**2 + 27*w + 2. Is s(17) prime?
True
Let d(l) = 11*l**2 - 2*l + 5. Suppose -5*n - 12 = -5*m - 2, 0 = 2*n + m - 11. Let f(p) = -12*p**2 + 2*p - 6. Let x(a) = n*d(a) + 2*f(a). Is x(2) prime?
False
Suppose 5*d = -4*o + 1133, 5*o + 3*d - 278 = 4*o. Is o a prime number?
False
Suppose 2 + 0 = n. Suppose 2*w - 80 = 1110. Suppose -n*c - w = -7*c. Is c prime?
False
Let y be (0 - 0)/(-10 + 8). Is 998/2 - y/1 composite?
False
Let t(v) = 6*v**2 - 3*v - 5. Let i(c) = 0*c - c + c**2 + 0*c + 1. Let j(k) = -5*i(k) + t(k). Is j(7) prime?
True
Is -8212*(9/12)/(-1*3) composite?
False
Suppose 234 = 5*p - 201. Is p prime?
False
Let t = 36 - -51. Is t prime?
False
Let q be (-219 - -1)*2*-1. Suppose q = 6*a - 2*a. Is a a composite number?
False
Let f(r) = -954*r**3 + 1. Let w = -15 + 14. Is f(w) a prime number?
False
Let s(x) = 29*x + 4. Suppose -y + 17 = 5*m, -6*m + 2*m + 4*y = -4. Is s(m) a prime number?
False
Suppose 6*n + 2075 = 11*n. Is n composite?
True
Let x(y) 